hen 178 is divided by 5.
3
Calculate the remainder when 29 is divided by 10.
9
What is the remainder when 456 is divided by 38?
0
Calculate the remainder when 2672 is divided by 26.
20
Calculate the remainder when 985 is divided by 58.
57
Calculate the remainder when 422 is divided by 47.
46
Calculate the remainder when 1348 is divided by 122.
6
Calculate the remainder when 266 is divided by 150.
116
Calculate the remainder when 1241 is divided by 523.
195
Calculate the remainder when 4966 is divided by 14.
10
Calculate the remainder when 1033 is divided by 74.
71
What is the remainder when 104 is divided by 23?
12
What is the remainder when 1661 is divided by 45?
41
Calculate the remainder when 138 is divided by 12.
6
Calculate the remainder when 53 is divided by 9.
8
What is the remainder when 3110 is divided by 97?
6
What is the remainder when 161 is divided by 27?
26
What is the remainder when 153 is divided by 12?
9
Calculate the remainder when 178 is divided by 26.
22
What is the remainder when 1043 is divided by 29?
28
What is the remainder when 4795 is divided by 13?
11
What is the remainder when 97483 is divided by 67?
65
What is the remainder when 3039 is divided by 382?
365
What is the remainder when 335 is divided by 13?
10
Calculate the remainder when 1247 is divided by 50.
47
Calculate the remainder when 139 is divided by 16.
11
What is the remainder when 98 is divided by 32?
2
Calculate the remainder when 479 is divided by 95.
4
What is the remainder when 490 is divided by 81?
4
What is the remainder when 441 is divided by 86?
11
What is the remainder when 3770 is divided by 111?
107
Calculate the remainder when 298 is divided by 38.
32
What is the remainder when 694 is divided by 34?
14
Calculate the remainder when 101 is divided by 51.
50
What is the remainder when 818 is divided by 137?
133
Calculate the remainder when 302 is divided by 22.
16
Calculate the remainder when 169 is divided by 17.
16
Calculate the remainder when 438 is divided by 45.
33
Calculate the remainder when 36117 is divided by 35.
32
What is the remainder when 153 is divided by 16?
9
Calculate the remainder when 296 is divided by 50.
46
Calculate the remainder when 91 is divided by 6.
1
Calculate the remainder when 1840 is divided by 16.
0
Calculate the remainder when 131 is divided by 22.
21
Calculate the remainder when 18 is divided by 5.
3
What is the remainder when 509 is divided by 37?
28
What is the remainder when 2281 is divided by 1135?
11
Calculate the remainder when 309 is divided by 52.
49
Calculate the remainder when 1371 is divided by 86.
81
Calculate the remainder when 857 is divided by 26.
25
What is the remainder when 2026 is divided by 21?
10
Calculate the remainder when 2416 is divided by 119.
36
What is the remainder when 222 is divided by 25?
22
What is the remainder when 467 is divided by 13?
12
Calculate the remainder when 137 is divided by 72.
65
What is the remainder when 27 is divided by 7?
6
Calculate the remainder when 176 is divided by 57.
5
What is the remainder when 2141 is divided by 126?
125
What is the remainder when 776 is divided by 428?
348
What is the remainder when 48 is divided by 22?
4
Calculate the remainder when 626 is divided by 212.
202
Calculate the remainder when 812 is divided by 406.
0
Calculate the remainder when 133 is divided by 32.
5
Calculate the remainder when 288 is divided by 135.
18
What is the remainder when 2775 is divided by 18?
3
What is the remainder when 392 is divided by 49?
0
Calculate the remainder when 59 is divided by 39.
20
What is the remainder when 39158 is divided by 171?
170
What is the remainder when 30 is divided by 16?
14
Calculate the remainder when 490 is divided by 127.
109
What is the remainder when 27 is divided by 5?
2
What is the remainder when 298 is divided by 157?
141
Calculate the remainder when 245 is divided by 80.
5
Calculate the remainder when 215 is divided by 8.
7
Calculate the remainder when 382 is divided by 32.
30
What is the remainder when 198 is divided by 130?
68
What is the remainder when 25 is divided by 13?
12
Calculate the remainder when 1296 is divided by 94.
74
Calculate the remainder when 1967 is divided by 54.
23
Calculate the remainder when 1199 is divided by 24.
23
What is the remainder when 1127 is divided by 82?
61
Calculate the remainder when 477 is divided by 151.
24
What is the remainder when 199 is divided by 55?
34
What is the remainder when 88 is divided by 15?
13
Calculate the remainder when 783 is divided by 244.
51
Calculate the remainder when 685 is divided by 16.
13
What is the remainder when 306 is divided by 60?
6
What is the remainder when 234 is divided by 82?
70
Calculate the remainder when 143 is divided by 29.
27
What is the remainder when 462 is divided by 454?
8
Calculate the remainder when 85 is divided by 11.
8
What is the remainder when 889 is divided by 5?
4
Calculate the remainder when 106 is divided by 39.
28
Calculate the remainder when 769 is divided by 172.
81
What is the remainder when 39 is divided by 12?
3
Calculate the remainder when 851 is divided by 268.
47
Calculate the remainder when 254 is divided by 86.
82
Calculate the remainder when 575 is divided by 48.
47
What is the remainder when 55 is divided by 23?
9
What is the remainder when 6959 is divided by 40?
39
What is the remainder when 106 is divided by 74?
32
Calculate the remainder when 349 is divided by 91.
76
Calculate the remainder when 22146 is divided by 14.
12
Calculate the remainder when 619 is divided by 10.
9
What is the remainder when 11587 is divided by 16?
3
Calculate the remainder when 850 is divided by 12.
10
Calculate the remainder when 2014 is divided by 44.
34
What is the remainder when 1349 is divided by 83?
21
Calculate the remainder when 577 is divided by 159.
100
Calculate the remainder when 1000 is divided by 123.
16
What is the remainder when 899 is divided by 20?
19
Calculate the remainder when 12994 is divided by 23.
22
Calculate the remainder when 1448 is divided by 203.
27
What is the remainder when 21691 is divided by 24?
19
What is the remainder when 1030 is divided by 61?
54
Calculate the remainder when 345 is divided by 33.
15
Calculate the remainder when 691 is divided by 56.
19
Calculate the remainder when 121 is divided by 17.
2
Calculate the remainder when 458 is divided by 65.
3
What is the remainder when 606 is divided by 112?
46
Calculate the remainder when 586 is divided by 65.
1
What is the remainder when 458 is divided by 412?
46
Calculate the remainder when 441 is divided by 144.
9
Calculate the remainder when 797 is divided by 42.
41
Calculate the remainder when 902 is divided by 147.
20
Calculate the remainder when 575 is divided by 36.
35
Calculate the remainder when 1936 is divided by 272.
32
Calculate the remainder when 527 is divided by 59.
55
Calculate the remainder when 309 is divided by 44.
1
Calculate the remainder when 475 is divided by 217.
41
What is the remainder when 150 is divided by 69?
12
Calculate the remainder when 191 is divided by 15.
11
What is the remainder when 75 is divided by 16?
11
What is the remainder when 30 is divided by 26?
4
Calculate the remainder when 706 is divided by 7.
6
What is the remainder when 552 is divided by 538?
14
Calculate the remainder when 1332 is divided by 17.
6
What is the remainder when 10639 is divided by 313?
310
Calculate the remainder when 664 is divided by 209.
37
Calculate the remainder when 103 is divided by 47.
9
What is the remainder when 998 is divided by 50?
48
What is the remainder when 3147 is divided by 287?
277
Calculate the remainder when 3497 is divided by 20.
17
Calculate the remainder when 333 is divided by 113.
107
Calculate the remainder when 313 is divided by 64.
57
Calculate the remainder when 409 is divided by 71.
54
What is the remainder when 542 is divided by 62?
46
What is the remainder when 659 is divided by 6?
5
Calculate the remainder when 412 is divided by 18.
16
What is the remainder when 415 is divided by 70?
65
What is the remainder when 438 is divided by 434?
4
Calculate the remainder when 872 is divided by 146.
142
What is the remainder when 298 is divided by 57?
13
What is the remainder when 480 is divided by 154?
18
W